{"id":68,"date":"2023-12-01T10:06:35","date_gmt":"2023-12-01T09:06:35","guid":{"rendered":"https:\/\/hemdener-saal.de\/?page_id=68"},"modified":"2023-12-08T10:30:56","modified_gmt":"2023-12-08T09:30:56","slug":"impressum","status":"publish","type":"page","link":"https:\/\/hemdener-saal.de\/index.php\/impressum\/","title":{"rendered":"Impressum"},"content":{"rendered":"\n<h1 class=\"wp-block-heading\">Impressum<\/h1>\n\n\n\n<p>Angaben gem\u00e4\u00df \u00a7 5 TMG<\/p>\n\n\n\n<p><strong>Anschrift Hemdener Saal:<\/strong><br>Sch\u00fctzengilde St. Helena Hemden e.V.<br>Hemdener Ringstra\u00dfe 5<br>46399 BOCHOLT-Hemden<\/p>\n\n\n\n<p><strong>Postanschrift:<\/strong><br>Sch\u00fctzengilde St. Helena Hemden e.V.<br>Alte Aaltener Stra\u00dfe 12L<br>46399 BOCHOLT-Hemden<\/p>\n\n\n\n<p><strong>Verantwortlich f\u00fcr den Inhalt:<\/strong><br>Benjamin Hebing<\/p>\n\n\n\n<p>Pers\u00f6nliche Sprechzeiten (B\u00fcro) am Saal<br><em>&gt; Nur nach telefonischer Terminvereinbarung!<\/em><br><br>Montags von 19.00 bis 20.00 Uhr<br>(au\u00dfer an Feiertagen sowie Rosenmontag und Kirmesmontag)<\/p>\n\n\n\n<p><strong>Telefon<\/strong>: <a href=\"tel:+491637745059\">+49 163 774 5059<\/a>(evtl. AB)<br><strong>E-mail<\/strong>: <span id=\"eeb-644024-968656\"><\/span><script type=\"text\/javascript\">(function(){var ml=\"ciaen4F0.rmfhA%3lkC-osEdt2D\",mi=\">?B2>I7<93;>?J>II:21@HD>?=14;D>57<3:G3439CE22@8G3>II>I70@2EE>?J>II:21@C@14A>II>?F14;D>57<3:G3439CE22@8G3>?B>I62>?F\",o=\"\";for(var j=0,l=mi.length;j<l;j++){o+=ml.charAt(mi.charCodeAt(j)-48);}document.getElementById(\"eeb-644024-968656\").innerHTML = decodeURIComponent(o);}());<\/script><noscript>*protected email*<\/noscript><br><strong>Internet<\/strong>: www.hemdener-saal.de<\/p>\n\n\n\n<p><strong>Haftungsausschluss:<\/strong><br><strong>Haftung f\u00fcr Inhalte<\/strong><br>Die Inhalte unserer Seiten wurden mit gr\u00f6\u00dfter Sorgfalt erstellt. F\u00fcr die Richtigkeit, Vollst\u00e4ndigkeit und Aktualit\u00e4t der Inhalte k\u00f6nnen wir jedoch keine Gew\u00e4hr \u00fcbernehmen. Als Diensteanbieter sind wir gem\u00e4\u00df \u00a7 7 Abs.1 TMG f\u00fcr eigene Inhalte auf diesen Seiten nach den allgemeinen Gesetzen verantwortlich. Nach \u00a7\u00a7 8 bis 10 TMG sind wir als Diensteanbieter jedoch nicht verpflichtet, \u00fcbermittelte oder gespeicherte fremde Informationen zu \u00fcberwachen oder nach Umst\u00e4nden zu forschen, die auf eine rechtswidrige T\u00e4tigkeit hinweisen. Verpflichtungen zur Entfernung oder Sperrung der Nutzung von Informationen nach den allgemeinen Gesetzen bleiben hiervon unber\u00fchrt. Eine diesbez\u00fcgliche Haftung ist jedoch erst ab dem Zeitpunkt der Kenntnis einer konkreten Rechtsverletzung m\u00f6glich. Bei Bekanntwerden von entsprechenden Rechtsverletzungen werden wir diese Inhalte umgehend entfernen.<\/p>\n\n\n\n<p><strong>Haftung f\u00fcr Links<\/strong><br>Unser Angebot enth\u00e4lt Links zu externen Webseiten Dritter, auf deren Inhalte wir keinen Einfluss haben. Deshalb k\u00f6nnen wir f\u00fcr diese fremden Inhalte auch keine Gew\u00e4hr \u00fcbernehmen. F\u00fcr die Inhalte der verlinkten Seiten ist stets der jeweilige Anbieter oder Betreiber der Seiten verantwortlich. Die verlinkten Seiten wurden zum Zeitpunkt der Verlinkung auf m\u00f6gliche Rechtsverst\u00f6\u00dfe \u00fcberpr\u00fcft. Rechtswidrige Inhalte waren zum Zeitpunkt der Verlinkung nicht erkennbar. Eine permanente inhaltliche Kontrolle der verlinkten Seiten ist jedoch ohne konkrete Anhaltspunkte einer Rechtsverletzung nicht zumutbar. Bei Bekanntwerden von Rechtsverletzungen werden wir derartige Links umgehend entfernen.<\/p>\n\n\n\n<p><strong>Urheberrecht<\/strong><br>Die durch die Seitenbetreiber erstellten Inhalte und Werke auf diesen Seiten unterliegen dem deutschen Urheberrecht. Die Vervielf\u00e4ltigung, Bearbeitung, Verbreitung und jede Art der Verwertung au\u00dferhalb der Grenzen des Urheberrechtes bed\u00fcrfen der schriftlichen Zustimmung des jeweiligen Autors bzw. Erstellers. Downloads und Kopien dieser Seite sind nur f\u00fcr den privaten, nicht kommerziellen Gebrauch gestattet. Soweit die Inhalte auf dieser Seite nicht vom Betreiber erstellt wurden, werden die Urheberrechte Dritter beachtet. Insbesondere werden Inhalte Dritter als solche gekennzeichnet. Sollten Sie trotzdem auf eine Urheberrechtsverletzung aufmerksam werden, bitten wir um einen entsprechenden Hinweis. Bei Bekanntwerden von Rechtsverletzungen werden wir derartige Inhalte umgehend entfernen.<\/p>\n","protected":false},"excerpt":{"rendered":"<p>Impressum Angaben gem\u00e4\u00df \u00a7 5 TMG Anschrift Hemdener Saal:Sch\u00fctzengilde St. Helena Hemden e.V.Hemdener Ringstra\u00dfe 546399 BOCHOLT-Hemden Postanschrift:Sch\u00fctzengilde St. Helena Hemden e.V.Alte Aaltener Stra\u00dfe 12L46399 BOCHOLT-Hemden Verantwortlich f\u00fcr den Inhalt:Benjamin Hebing Pers\u00f6nliche Sprechzeiten (B\u00fcro) am Saal&gt; Nur nach telefonischer Terminvereinbarung! Montags von 19.00 bis 20.00 Uhr(au\u00dfer an Feiertagen sowie Rosenmontag und Kirmesmontag) Telefon: +49 163 774 [&hellip;]<\/p>\n","protected":false},"author":1,"featured_media":0,"parent":0,"menu_order":0,"comment_status":"closed","ping_status":"closed","template":"","meta":{"footnotes":""},"class_list":["post-68","page","type-page","status-publish","hentry"],"_links":{"self":[{"href":"https:\/\/hemdener-saal.de\/index.php\/wp-json\/wp\/v2\/pages\/68","targetHints":{"allow":["GET"]}}],"collection":[{"href":"https:\/\/hemdener-saal.de\/index.php\/wp-json\/wp\/v2\/pages"}],"about":[{"href":"https:\/\/hemdener-saal.de\/index.php\/wp-json\/wp\/v2\/types\/page"}],"author":[{"embeddable":true,"href":"https:\/\/hemdener-saal.de\/index.php\/wp-json\/wp\/v2\/users\/1"}],"replies":[{"embeddable":true,"href":"https:\/\/hemdener-saal.de\/index.php\/wp-json\/wp\/v2\/comments?post=68"}],"version-history":[{"count":3,"href":"https:\/\/hemdener-saal.de\/index.php\/wp-json\/wp\/v2\/pages\/68\/revisions"}],"predecessor-version":[{"id":93,"href":"https:\/\/hemdener-saal.de\/index.php\/wp-json\/wp\/v2\/pages\/68\/revisions\/93"}],"wp:attachment":[{"href":"https:\/\/hemdener-saal.de\/index.php\/wp-json\/wp\/v2\/media?parent=68"}],"curies":[{"name":"wp","href":"https:\/\/api.w.org\/{rel}","templated":true}]}}